{"id":12,"date":"2024-05-26T21:37:47","date_gmt":"2024-05-26T19:37:47","guid":{"rendered":"http:\/\/powojnd.cluster023.hosting.ovh.net\/?page_id=12"},"modified":"2024-05-31T11:47:43","modified_gmt":"2024-05-31T09:47:43","slug":"wladza","status":"publish","type":"page","link":"https:\/\/powojnie.warszawa.pl\/index.php\/wladza\/","title":{"rendered":"W\u0142adza"},"content":{"rendered":"\n<p>Wspomnienia Prezydenta Warszawy p\u0142k Mariana Spychalskiego.<\/p>\n\n\n\n<ul class=\"wp-block-list\">\n<li><a href=\"http:\/\/powojnie.warszawa.pl\/index.php\/2024\/05\/31\/wspomnienia-prezydenta-warszawy-plk-mariana-spychalskiego-15-09-1944r\/\" data-type=\"link\" data-id=\"http:\/\/powojnie.warszawa.pl\/index.php\/2024\/05\/31\/wspomnienia-prezydenta-warszawy-plk-mariana-spychalskiego-15-09-1944r\/\">15 wrze\u015bnia 1944r.<\/a><\/li>\n<\/ul>\n\n\n\n<p><\/p>\n\n\n\n<p>Protoko\u0142y zebra\u0144 PKWN (fragmenty dotycz\u0105ce Warszawy)<br>\u0179r\u00f3d\u0142o: Archiwum Akt Nowych. Sygnatura 2\/185\/0\/1.1\/I.4 oraz 2\/185\/0\/1.1\/I.5<\/p>\n\n\n\n<ul class=\"wp-block-list\">\n<li><a href=\"http:\/\/powojnie.warszawa.pl\/index.php\/2024\/05\/26\/pkwn-15-09-1944\/\">Protok\u00f3\u0142 zebrania PKWN z dnia 15.09.1944r<\/a><\/li>\n\n\n\n<li><a href=\"http:\/\/powojnie.warszawa.pl\/index.php\/2024\/05\/27\/protokol-zebrania-pkwn-z-dnia-18-09-1944r\/\">Protok\u00f3\u0142 zebrania PKWN z dnia 18.09.1944r.<\/a><\/li>\n\n\n\n<li><a href=\"http:\/\/powojnie.warszawa.pl\/index.php\/2024\/05\/28\/protokol-zebrania-pkwn-z-dnia-24-09-1944r\/\" data-type=\"link\" data-id=\"http:\/\/powojnie.warszawa.pl\/index.php\/2024\/05\/28\/protokol-zebrania-pkwn-z-dnia-24-09-1944r\/\">Protok\u00f3\u0142 zebrania PKWN z dnia 24.09.1944r.<\/a><\/li>\n<\/ul>\n\n\n\n<p>Sk\u0142ad PKWN w 1944r.<\/p>\n\n\n\n<figure class=\"wp-block-image size-full\"><img loading=\"lazy\" decoding=\"async\" width=\"855\" height=\"876\" src=\"http:\/\/powojnd.cluster023.hosting.ovh.net\/wp-content\/uploads\/2024\/05\/Sklad_PKWN.png\" alt=\"\" class=\"wp-image-9\" srcset=\"https:\/\/powojnie.warszawa.pl\/wp-content\/uploads\/2024\/05\/Sklad_PKWN.png 855w, https:\/\/powojnie.warszawa.pl\/wp-content\/uploads\/2024\/05\/Sklad_PKWN-293x300.png 293w, https:\/\/powojnie.warszawa.pl\/wp-content\/uploads\/2024\/05\/Sklad_PKWN-768x787.png 768w\" sizes=\"auto, (max-width: 855px) 100vw, 855px\" \/><\/figure>\n","protected":false},"excerpt":{"rendered":"<p>Wspomnienia Prezydenta Warszawy p\u0142k Mariana Spychalskiego. Protoko\u0142y zebra\u0144 PKWN (fragmenty dotycz\u0105ce Warszawy)\u0179r\u00f3d\u0142o: Archiwum Akt Nowych. Sygnatura 2\/185\/0\/1.1\/I.4 oraz 2\/185\/0\/1.1\/I.5 Sk\u0142ad PKWN w 1944r.<\/p>\n","protected":false},"author":2,"featured_media":0,"parent":0,"menu_order":0,"comment_status":"closed","ping_status":"closed","template":"","meta":{"footnotes":""},"class_list":["post-12","page","type-page","status-publish","hentry"],"_links":{"self":[{"href":"https:\/\/powojnie.warszawa.pl\/index.php\/wp-json\/wp\/v2\/pages\/12","targetHints":{"allow":["GET"]}}],"collection":[{"href":"https:\/\/powojnie.warszawa.pl\/index.php\/wp-json\/wp\/v2\/pages"}],"about":[{"href":"https:\/\/powojnie.warszawa.pl\/index.php\/wp-json\/wp\/v2\/types\/page"}],"author":[{"embeddable":true,"href":"https:\/\/powojnie.warszawa.pl\/index.php\/wp-json\/wp\/v2\/users\/2"}],"replies":[{"embeddable":true,"href":"https:\/\/powojnie.warszawa.pl\/index.php\/wp-json\/wp\/v2\/comments?post=12"}],"version-history":[{"count":8,"href":"https:\/\/powojnie.warszawa.pl\/index.php\/wp-json\/wp\/v2\/pages\/12\/revisions"}],"predecessor-version":[{"id":200,"href":"https:\/\/powojnie.warszawa.pl\/index.php\/wp-json\/wp\/v2\/pages\/12\/revisions\/200"}],"wp:attachment":[{"href":"https:\/\/powojnie.warszawa.pl\/index.php\/wp-json\/wp\/v2\/media?parent=12"}],"curies":[{"name":"wp","href":"https:\/\/api.w.org\/{rel}","templated":true}]}}