{"id":256,"date":"2024-06-04T11:02:48","date_gmt":"2024-06-04T09:02:48","guid":{"rendered":"http:\/\/powojnie.warszawa.pl\/?page_id=256"},"modified":"2024-06-04T11:31:41","modified_gmt":"2024-06-04T09:31:41","slug":"polska-kronika-filmowa","status":"publish","type":"page","link":"https:\/\/powojnie.warszawa.pl\/index.php\/polska-kronika-filmowa\/","title":{"rendered":"Polska Kronika Filmowa"},"content":{"rendered":"\n<p>W tym dziale z szacunku do pracy FINA b\u0119dziemy linkowa\u0107 do konkretnych fragment\u00f3w z Polskiej kroniki Filmowej dotycz\u0105cych wprost Warszawy a b\u0119d\u0105cych w zasobach  Repozytorium Cyfrowego.  <\/p>\n\n\n\n<ul class=\"wp-block-list\">\n<li>1\/1945 &#8211; <a href=\"http:\/\/www.repozytorium.fn.org.pl\/?q=pl\/node\/4175\" data-type=\"link\" data-id=\"http:\/\/www.repozytorium.fn.org.pl\/?q=pl\/node\/4175\">Dziennikarze Zagraniczni na Pradze<\/a><\/li>\n\n\n\n<li>1\/1945 &#8211;<a href=\"http:\/\/www.repozytorium.fn.org.pl\/?q=pl\/node\/4173\" data-type=\"link\" data-id=\"http:\/\/www.repozytorium.fn.org.pl\/?q=pl\/node\/4173\"> Arcydzie\u0142a Matejki uratowane  (z racji ich obecno\u015bci w Muzeum Narodowym)<\/a><\/li>\n\n\n\n<li>4\/1945 &#8211; <a href=\"http:\/\/www.repozytorium.fn.org.pl\/?q=pl\/node\/4459\" data-type=\"link\" data-id=\"http:\/\/www.repozytorium.fn.org.pl\/?q=pl\/node\/4459\">Warszawa Wolna<\/a><\/li>\n\n\n\n<li>7\/1945 &#8211; <a href=\"http:\/\/www.repozytorium.fn.org.pl\/?q=pl\/node\/4466\" data-type=\"link\" data-id=\"http:\/\/www.repozytorium.fn.org.pl\/?q=pl\/node\/4466\">Po wyzwoleniu Warszawy<\/a> <\/li>\n\n\n\n<li>11\/1945 &#8211; <a href=\"http:\/\/www.repozytorium.fn.org.pl\/?q=pl\/node\/4476\" data-type=\"link\" data-id=\"http:\/\/www.repozytorium.fn.org.pl\/?q=pl\/node\/4476\">\u015awi\u0119to Pracy<\/a><\/li>\n\n\n\n<li>12\/1945 &#8211; <a href=\"http:\/\/www.repozytorium.fn.org.pl\/?q=pl\/node\/4484\" data-type=\"link\" data-id=\"http:\/\/www.repozytorium.fn.org.pl\/?q=pl\/node\/4484\">Studenci odbudowuj\u0105 most [Poniatowskiego]<\/a><\/li>\n\n\n\n<li>12\/1945 &#8211; <a href=\"http:\/\/www.repozytorium.fn.org.pl\/?q=pl\/node\/4483\" data-type=\"link\" data-id=\"http:\/\/www.repozytorium.fn.org.pl\/?q=pl\/node\/4483\">Biuletyn Odbudowy Stolicy &#8211; [Rusza EKD\/WKD]<\/a><\/li>\n\n\n\n<li>14\/1945 &#8211; <a href=\"http:\/\/www.repozytorium.fn.org.pl\/?q=pl\/node\/4486\" data-type=\"link\" data-id=\"http:\/\/www.repozytorium.fn.org.pl\/?q=pl\/node\/4486\">Bo\u017ce Cia\u0142o w Warszawie<\/a><\/li>\n\n\n\n<li>14\/1945 &#8211; <a href=\"http:\/\/www.repozytorium.fn.org.pl\/?q=pl\/node\/4493\">Pogrzeb Genera\u0142a Waszkiewicza [w Parku Ujazdowskim]<\/a><\/li>\n\n\n\n<li>14\/1945 &#8211; <a href=\"http:\/\/www.repozytorium.fn.org.pl\/?q=pl\/node\/4494\" data-type=\"link\" data-id=\"http:\/\/www.repozytorium.fn.org.pl\/?q=pl\/node\/4494\">Biuletyn Odbudowy &#8211; [Odbudowa Elektrowni Powi\u015ble]<\/a><\/li>\n\n\n\n<li>14\/1945 &#8211;<a href=\"http:\/\/www.repozytorium.fn.org.pl\/?q=pl\/node\/4495\"> Biuletyn Odbudowy &#8211; [Odbudowa Filtr\u00f3w Warszawskich]<\/a><\/li>\n\n\n\n<li>14\/1945 &#8211; <a href=\"http:\/\/www.repozytorium.fn.org.pl\/?q=pl\/node\/4496\" data-type=\"link\" data-id=\"http:\/\/www.repozytorium.fn.org.pl\/?q=pl\/node\/4496\">Motopompy stra\u017cackie &#8211; [Dar od wojska wozy stra\u017cackie]<\/a><\/li>\n\n\n\n<li>14\/1945 &#8211; <a href=\"http:\/\/www.repozytorium.fn.org.pl\/?q=pl\/node\/4497\" data-type=\"link\" data-id=\"http:\/\/www.repozytorium.fn.org.pl\/?q=pl\/node\/4497\">Wyjazd do Moskwy &#8211; [zdj\u0119cia lotniska Ok\u0119cie]<\/a><\/li>\n\n\n\n<li>18\/1945 &#8211; <a href=\"http:\/\/www.repozytorium.fn.org.pl\/?q=pl\/node\/4502\" data-type=\"link\" data-id=\"http:\/\/www.repozytorium.fn.org.pl\/?q=pl\/node\/4502\">Biuletyn Odbudowy &#8211; [Komunikacja Miejska]<\/a><\/li>\n\n\n\n<li>19\/1945 &#8211; <a href=\"http:\/\/www.repozytorium.fn.org.pl\/?q=pl\/node\/4510\" data-type=\"link\" data-id=\"http:\/\/www.repozytorium.fn.org.pl\/?q=pl\/node\/4510\">Dziennikarze Zagraniczni w Warszawie [widoki Warszawy]<\/a><\/li>\n\n\n\n<li>19\/1945 &#8211; <a href=\"http:\/\/www.repozytorium.fn.org.pl\/?q=pl\/node\/4511\" data-type=\"link\" data-id=\"http:\/\/www.repozytorium.fn.org.pl\/?q=pl\/node\/4511\">Biuletyn Odbudowy &#8211; [Mosty na Wi\u015ble]<\/a><\/li>\n\n\n\n<li>19\/1945 &#8211; <a href=\"http:\/\/www.repozytorium.fn.org.pl\/?q=pl\/node\/4512\" data-type=\"link\" data-id=\"http:\/\/www.repozytorium.fn.org.pl\/?q=pl\/node\/4512\">Biuletyn Odbudowy &#8211; [Gazownia Warszawska]<\/a><\/li>\n\n\n\n<li>19\/1945 &#8211; <a href=\"http:\/\/www.repozytorium.fn.org.pl\/?q=pl\/node\/4513\" data-type=\"link\" data-id=\"http:\/\/www.repozytorium.fn.org.pl\/?q=pl\/node\/4513\">O\u015brodek Zdrowia &#8211; [Szczepienia dzieci]<\/a><\/li>\n\n\n\n<li>19\/1945 &#8211; <a href=\"http:\/\/www.repozytorium.fn.org.pl\/?q=pl\/node\/4514\" data-type=\"link\" data-id=\"http:\/\/www.repozytorium.fn.org.pl\/?q=pl\/node\/4514\">Parki Warszawskie<\/a><\/li>\n\n\n\n<li>20\/1945 &#8211; <a href=\"http:\/\/www.repozytorium.fn.org.pl\/?q=pl\/node\/4519\" data-type=\"link\" data-id=\"http:\/\/www.repozytorium.fn.org.pl\/?q=pl\/node\/4519\">Warszawa Oskar\u017ca &#8211; [Wystawa w Muzeum Narodowym]<\/a><\/li>\n\n\n\n<li>20\/1945 &#8211; <a href=\"http:\/\/www.repozytorium.fn.org.pl\/?q=pl\/node\/4520\" data-type=\"link\" data-id=\"http:\/\/www.repozytorium.fn.org.pl\/?q=pl\/node\/4520\">Odnalezione Pomniki &#8211; [Chrystusa Kr\u00f3la i Kopernika]<\/a><\/li>\n\n\n\n<li>20\/1945 &#8211; <a href=\"http:\/\/www.repozytorium.fn.org.pl\/?q=pl\/node\/4521\" data-type=\"link\" data-id=\"http:\/\/www.repozytorium.fn.org.pl\/?q=pl\/node\/4521\">Biuletyn Odbudowy &#8211; [Linia \u015arednicowa Kolei]<\/a><\/li>\n\n\n\n<li>20\/1945 &#8211; <a href=\"http:\/\/www.repozytorium.fn.org.pl\/?q=pl\/node\/4522\" data-type=\"link\" data-id=\"http:\/\/www.repozytorium.fn.org.pl\/?q=pl\/node\/4522\">Biuletyn Odbudowy &#8211; [Stacja Nadawcza w Raszynie]<\/a><\/li>\n\n\n\n<li>cdn<\/li>\n<\/ul>\n","protected":false},"excerpt":{"rendered":"<p>W tym dziale z szacunku do pracy FINA b\u0119dziemy linkowa\u0107 do konkretnych fragment\u00f3w z Polskiej kroniki Filmowej dotycz\u0105cych wprost Warszawy a b\u0119d\u0105cych w zasobach Repozytorium Cyfrowego.<\/p>\n","protected":false},"author":2,"featured_media":0,"parent":0,"menu_order":0,"comment_status":"closed","ping_status":"closed","template":"","meta":{"footnotes":""},"class_list":["post-256","page","type-page","status-publish","hentry"],"_links":{"self":[{"href":"https:\/\/powojnie.warszawa.pl\/index.php\/wp-json\/wp\/v2\/pages\/256","targetHints":{"allow":["GET"]}}],"collection":[{"href":"https:\/\/powojnie.warszawa.pl\/index.php\/wp-json\/wp\/v2\/pages"}],"about":[{"href":"https:\/\/powojnie.warszawa.pl\/index.php\/wp-json\/wp\/v2\/types\/page"}],"author":[{"embeddable":true,"href":"https:\/\/powojnie.warszawa.pl\/index.php\/wp-json\/wp\/v2\/users\/2"}],"replies":[{"embeddable":true,"href":"https:\/\/powojnie.warszawa.pl\/index.php\/wp-json\/wp\/v2\/comments?post=256"}],"version-history":[{"count":4,"href":"https:\/\/powojnie.warszawa.pl\/index.php\/wp-json\/wp\/v2\/pages\/256\/revisions"}],"predecessor-version":[{"id":261,"href":"https:\/\/powojnie.warszawa.pl\/index.php\/wp-json\/wp\/v2\/pages\/256\/revisions\/261"}],"wp:attachment":[{"href":"https:\/\/powojnie.warszawa.pl\/index.php\/wp-json\/wp\/v2\/media?parent=256"}],"curies":[{"name":"wp","href":"https:\/\/api.w.org\/{rel}","templated":true}]}}