{"id":306,"date":"2024-06-10T19:27:23","date_gmt":"2024-06-10T17:27:23","guid":{"rendered":"https:\/\/powojnie.warszawa.pl\/?page_id=306"},"modified":"2024-06-10T19:28:47","modified_gmt":"2024-06-10T17:28:47","slug":"rzeczpospolita-organ-pkwn","status":"publish","type":"page","link":"https:\/\/powojnie.warszawa.pl\/index.php\/rzeczpospolita-organ-pkwn\/","title":{"rendered":"Rzeczpospolita &#8211; organ PKWN"},"content":{"rendered":"\n<figure class=\"wp-block-image size-large\"><img loading=\"lazy\" decoding=\"async\" width=\"1024\" height=\"227\" src=\"https:\/\/powojnie.warszawa.pl\/wp-content\/uploads\/2024\/06\/Rzeczpospolita_logo_gazeta-1-1024x227.png\" alt=\"\" class=\"wp-image-307\" srcset=\"https:\/\/powojnie.warszawa.pl\/wp-content\/uploads\/2024\/06\/Rzeczpospolita_logo_gazeta-1-1024x227.png 1024w, https:\/\/powojnie.warszawa.pl\/wp-content\/uploads\/2024\/06\/Rzeczpospolita_logo_gazeta-1-300x66.png 300w, https:\/\/powojnie.warszawa.pl\/wp-content\/uploads\/2024\/06\/Rzeczpospolita_logo_gazeta-1-768x170.png 768w, https:\/\/powojnie.warszawa.pl\/wp-content\/uploads\/2024\/06\/Rzeczpospolita_logo_gazeta-1-1140x254.png 1140w, https:\/\/powojnie.warszawa.pl\/wp-content\/uploads\/2024\/06\/Rzeczpospolita_logo_gazeta-1.png 1146w\" sizes=\"auto, (max-width: 1024px) 100vw, 1024px\" \/><\/figure>\n\n\n\n<p>Wybrane artyku\u0142y z gazety Rzeczpospolita dotycz\u0105ce Warszawy, Przy czytaniu nale\u017cy stosowa\u0107 OGROMN\u0104 &#8222;krytyk\u0119 \u017ar\u00f3d\u0142a&#8221;. Rzeczpospolita jest gazet\u0105 propagandow\u0105 komunistycznego quasi rz\u0105du nazwanego PKWN (a ustanowionego w Moskwie przez Stalina).  Wiele wydarze\u0144, deklaracji czy opinii jest czyst\u0105 manipulacj\u0105 w\u0142adz komunistyczno-stalinowskich.<\/p>\n\n\n\n<p>Mimo tych zastrze\u017ce\u0144 b\u0119dziemy publikowa\u0107 wybrane fragmenty dotycz\u0105ce sytuacji w Warszawie.  Celowo pomijamy zar\u00f3wno cz\u0119\u015b\u0107 wojskow\u0105 jak i stosunek do Powstania Warszawskiego jako &#8222;zbyt ordynarny fa\u0142sz historyczny&#8221; nawet dla wsp\u00f3\u0142czesnego wyrobionego czytelnika.<\/p>\n\n\n\n<p><\/p>\n","protected":false},"excerpt":{"rendered":"<p>Wybrane artyku\u0142y z gazety Rzeczpospolita dotycz\u0105ce Warszawy, Przy czytaniu nale\u017cy stosowa\u0107 OGROMN\u0104 &#8222;krytyk\u0119 \u017ar\u00f3d\u0142a&#8221;. Rzeczpospolita jest gazet\u0105 propagandow\u0105 komunistycznego quasi rz\u0105du nazwanego PKWN (a ustanowionego w Moskwie przez Stalina). Wiele wydarze\u0144, deklaracji czy opinii jest czyst\u0105 manipulacj\u0105 w\u0142adz komunistyczno-stalinowskich. Mimo tych zastrze\u017ce\u0144 b\u0119dziemy publikowa\u0107 wybrane fragmenty dotycz\u0105ce sytuacji w Warszawie. Celowo pomijamy zar\u00f3wno cz\u0119\u015b\u0107 wojskow\u0105&hellip;<\/p>\n","protected":false},"author":2,"featured_media":0,"parent":0,"menu_order":0,"comment_status":"closed","ping_status":"closed","template":"","meta":{"footnotes":""},"class_list":["post-306","page","type-page","status-publish","hentry"],"_links":{"self":[{"href":"https:\/\/powojnie.warszawa.pl\/index.php\/wp-json\/wp\/v2\/pages\/306","targetHints":{"allow":["GET"]}}],"collection":[{"href":"https:\/\/powojnie.warszawa.pl\/index.php\/wp-json\/wp\/v2\/pages"}],"about":[{"href":"https:\/\/powojnie.warszawa.pl\/index.php\/wp-json\/wp\/v2\/types\/page"}],"author":[{"embeddable":true,"href":"https:\/\/powojnie.warszawa.pl\/index.php\/wp-json\/wp\/v2\/users\/2"}],"replies":[{"embeddable":true,"href":"https:\/\/powojnie.warszawa.pl\/index.php\/wp-json\/wp\/v2\/comments?post=306"}],"version-history":[{"count":2,"href":"https:\/\/powojnie.warszawa.pl\/index.php\/wp-json\/wp\/v2\/pages\/306\/revisions"}],"predecessor-version":[{"id":311,"href":"https:\/\/powojnie.warszawa.pl\/index.php\/wp-json\/wp\/v2\/pages\/306\/revisions\/311"}],"wp:attachment":[{"href":"https:\/\/powojnie.warszawa.pl\/index.php\/wp-json\/wp\/v2\/media?parent=306"}],"curies":[{"name":"wp","href":"https:\/\/api.w.org\/{rel}","templated":true}]}}