{"id":336,"date":"2024-06-11T11:36:35","date_gmt":"2024-06-11T09:36:35","guid":{"rendered":"http:\/\/powojnie.warszawa.pl\/?page_id=336"},"modified":"2024-06-24T13:31:50","modified_gmt":"2024-06-24T11:31:50","slug":"biuletyn-informacyjny-21-09-do-16-10-1944","status":"publish","type":"page","link":"https:\/\/powojnie.warszawa.pl\/index.php\/biuletyn-informacyjny-21-09-do-16-10-1944\/","title":{"rendered":"Biuletyn Informacyjny\/Praski wydawany od 21.09 do 27.10.1944"},"content":{"rendered":"\n<figure class=\"wp-block-image size-full\"><img loading=\"lazy\" decoding=\"async\" width=\"915\" height=\"211\" src=\"http:\/\/powojnie.warszawa.pl\/wp-content\/uploads\/2024\/06\/Biuletyn_Informacyjny-1.png\" alt=\"\" class=\"wp-image-337\" srcset=\"https:\/\/powojnie.warszawa.pl\/wp-content\/uploads\/2024\/06\/Biuletyn_Informacyjny-1.png 915w, https:\/\/powojnie.warszawa.pl\/wp-content\/uploads\/2024\/06\/Biuletyn_Informacyjny-1-300x69.png 300w, https:\/\/powojnie.warszawa.pl\/wp-content\/uploads\/2024\/06\/Biuletyn_Informacyjny-1-768x177.png 768w\" sizes=\"auto, (max-width: 915px) 100vw, 915px\" \/><\/figure>\n\n\n\n<figure class=\"wp-block-image size-full\"><img loading=\"lazy\" decoding=\"async\" width=\"884\" height=\"209\" src=\"http:\/\/powojnie.warszawa.pl\/wp-content\/uploads\/2024\/06\/Biuletyn_Praski.png\" alt=\"\" class=\"wp-image-343\" srcset=\"https:\/\/powojnie.warszawa.pl\/wp-content\/uploads\/2024\/06\/Biuletyn_Praski.png 884w, https:\/\/powojnie.warszawa.pl\/wp-content\/uploads\/2024\/06\/Biuletyn_Praski-300x71.png 300w, https:\/\/powojnie.warszawa.pl\/wp-content\/uploads\/2024\/06\/Biuletyn_Praski-768x182.png 768w\" sizes=\"auto, (max-width: 884px) 100vw, 884px\" \/><\/figure>\n\n\n\n<p>\u0179r\u00f3d\u0142o:  Mazowiecka Biblioteka Cyfrowa &#8211; <a href=\"https:\/\/mbc.cyfrowemazowsze.pl\/dlibra\/publication\/109891\/edition\/100855#structure\">https:\/\/mbc.cyfrowemazowsze.pl\/dlibra\/publication\/109891\/edition\/100855#structure<\/a><\/p>\n\n\n\n<p>Numery<\/p>\n\n\n\n<ul class=\"wp-block-list\">\n<li><a href=\"http:\/\/powojnie.warszawa.pl\/index.php\/2024\/06\/11\/biuletyn-informacyjny-21-09-1944r-nr-1\/\">21.09.1944 &#8211; Nr 1<\/a><\/li>\n\n\n\n<li><a href=\"http:\/\/powojnie.warszawa.pl\/index.php\/2024\/06\/11\/biuletyn-informacyjny-23-09-1944r-nr-2\/\">23.09.1944 &#8211; Nr 2<\/a><\/li>\n\n\n\n<li><a href=\"https:\/\/powojnie.warszawa.pl\/index.php\/2024\/06\/12\/biuletyn-informacyjny-26-09-1944r-nr-3\/\">26.09.1944 &#8211; Nr 3<\/a><\/li>\n\n\n\n<li><a href=\"https:\/\/powojnie.warszawa.pl\/index.php\/2024\/06\/13\/biuletyn-informacyjny-28-09-1944r-nr-4\/\">28.09.1944 &#8211; Nr 4<\/a><\/li>\n\n\n\n<li><a href=\"https:\/\/powojnie.warszawa.pl\/index.php\/2024\/06\/17\/biuletyn-informacyjny-29-09-1944r-nr-5\/\">29.09.1944 &#8211; Nr 5<\/a><\/li>\n\n\n\n<li><a href=\"https:\/\/powojnie.warszawa.pl\/index.php\/2024\/06\/17\/biuletyn-informacyjny-30-09-1944r-nr-6\/\">30.09.1944 &#8211; Nr 6<\/a><\/li>\n\n\n\n<li><a href=\"https:\/\/powojnie.warszawa.pl\/index.php\/2024\/06\/19\/biuletyn-informacyjny-02-10-1944r-nr-7\/\">02.10.1944 &#8211; Nr 7<\/a><\/li>\n\n\n\n<li><a href=\"https:\/\/powojnie.warszawa.pl\/index.php\/2024\/06\/24\/biuletyn-informacyjny-03-10-1944r-nr-8\/\">03.10.1944 &#8211; Nr 8<\/a><\/li>\n\n\n\n<li><a href=\"https:\/\/powojnie.warszawa.pl\/index.php\/2024\/06\/24\/biuletyn-informacyjny-04-10-1944r-nr-9\/\">04.10.1944 &#8211; Nr 9<\/a><\/li>\n<\/ul>\n","protected":false},"excerpt":{"rendered":"<p>\u0179r\u00f3d\u0142o: Mazowiecka Biblioteka Cyfrowa &#8211; https:\/\/mbc.cyfrowemazowsze.pl\/dlibra\/publication\/109891\/edition\/100855#structure Numery<\/p>\n","protected":false},"author":2,"featured_media":0,"parent":0,"menu_order":0,"comment_status":"closed","ping_status":"closed","template":"","meta":{"footnotes":""},"class_list":["post-336","page","type-page","status-publish","hentry"],"_links":{"self":[{"href":"https:\/\/powojnie.warszawa.pl\/index.php\/wp-json\/wp\/v2\/pages\/336","targetHints":{"allow":["GET"]}}],"collection":[{"href":"https:\/\/powojnie.warszawa.pl\/index.php\/wp-json\/wp\/v2\/pages"}],"about":[{"href":"https:\/\/powojnie.warszawa.pl\/index.php\/wp-json\/wp\/v2\/types\/page"}],"author":[{"embeddable":true,"href":"https:\/\/powojnie.warszawa.pl\/index.php\/wp-json\/wp\/v2\/users\/2"}],"replies":[{"embeddable":true,"href":"https:\/\/powojnie.warszawa.pl\/index.php\/wp-json\/wp\/v2\/comments?post=336"}],"version-history":[{"count":12,"href":"https:\/\/powojnie.warszawa.pl\/index.php\/wp-json\/wp\/v2\/pages\/336\/revisions"}],"predecessor-version":[{"id":479,"href":"https:\/\/powojnie.warszawa.pl\/index.php\/wp-json\/wp\/v2\/pages\/336\/revisions\/479"}],"wp:attachment":[{"href":"https:\/\/powojnie.warszawa.pl\/index.php\/wp-json\/wp\/v2\/media?parent=336"}],"curies":[{"name":"wp","href":"https:\/\/api.w.org\/{rel}","templated":true}]}}